ber?
False
Is 97447761055 prime?
False
Is 5716279663 prime?
True
Is 1160540709 a prime number?
False
Is 12331237439 composite?
False
Is 7854797537 composite?
False
Is 167937914 prime?
False
Is 5541435197 a composite number?
False
Is 114776107 prime?
False
Is 910051589 prime?
True
Is 48359722877 prime?
False
Is 3655084427 prime?
False
Is 265649927 prime?
True
Is 24695604757 a composite number?
True
Is 134742116147 prime?
True
Is 7215551947 composite?
False
Is 2172818047 composite?
False
Is 250633211281 prime?
True
Is 2275560737 composite?
False
Is 31135878439 a composite number?
True
Is 1591673513 composite?
False
Is 2491775827 prime?
True
Is 38459292863 a prime number?
False
Is 1225740293 composite?
True
Is 11529990331 prime?
False
Is 31019210605 prime?
False
Is 10069878289 prime?
True
Is 2402256407 prime?
False
Is 160393291 a prime number?
True
Is 849075131 a prime number?
True
Is 4246734749 a composite number?
False
Is 29871101717 a prime number?
True
Is 109237389 a prime number?
False
Is 2196176947 prime?
True
Is 18916978163 composite?
False
Is 657519697 a prime number?
False
Is 119590538849 a prime number?
False
Is 25462054919 composite?
True
Is 653293439 a prime number?
True
Is 56217961 a composite number?
True
Is 422808437 a composite number?
True
Is 582507587 composite?
True
Is 34261861589 composite?
False
Is 392980303 a composite number?
False
Is 20149468597 a composite number?
False
Is 6777568451 a prime number?
False
Is 456428783 composite?
True
Is 2232793003 composite?
True
Is 7195881599 a prime number?
True
Is 637096501 prime?
False
Is 30083059115 a composite number?
True
Is 2658412847 composite?
False
Is 50442085777 a prime number?
False
Is 269701729006 composite?
True
Is 10156101311 a prime number?
True
Is 435219793 prime?
True
Is 21240240977 composite?
True
Is 17777280767 a composite number?
False
Is 508817069 a prime number?
False
Is 2076379699 prime?
True
Is 69136741073 a composite number?
False
Is 84641299 composite?
True
Is 129367741 a prime number?
True
Is 102517049905 composite?
True
Is 868870897 a prime number?
False
Is 2223711953 a prime number?
False
Is 2563999661 prime?
False
Is 16968737 prime?
False
Is 32428647331 a prime number?
False
Is 27796255 prime?
False
Is 3608698237 a prime number?
False
Is 30832194802 a prime number?
False
Is 353579693 a composite number?
False
Is 251293017981 a composite number?
True
Is 6844675933 composite?
False
Is 1493722883 a composite number?
True
Is 6347078861 a prime number?
True
Is 202223419 prime?
True
Is 23332669 a composite number?
False
Is 258714707 a composite number?
False
Is 101758507 a prime number?
False
Is 997019033 a composite number?
True
Is 1196853143 a composite number?
False
Is 20168487167 a prime number?
True
Is 1588108967 prime?
True
Is 10551543127 prime?
True
Is 1433420617 composite?
True
Is 12455370778 a prime number?
False
Is 14887688303 prime?
True
Is 117845974073 a composite number?
True
Is 67912953401 composite?
False
Is 5526906493 a composite number?
False
Is 1149649499 prime?
False
Is 942977033 a prime number?
False
Is 15145910207 composite?
True
Is 1997385431 a prime number?
False
Is 685249087 a prime number?
True
Is 5773163413 a composite number?
False
Is 16660357583 composite?
True
Is 44962145797 composite?
True
Is 14916334595 a prime number?
False
Is 4602021961 prime?
True
Is 67711577 composite?
False
Is 29155807 a composite number?
False
Is 516653897 prime?
True
Is 132354617 a prime number?
False
Is 1260470131 prime?
True
Is 158088673 composite?
False
Is 5664453051 prime?
False
Is 2141141089 composite?
False
Is 3363031739 prime?
False
Is 4292598077 a composite number?
True
Is 320283781 composite?
True
Is 87182567 composite?
True
Is 190945961 a prime number?
True
Is 491931257 a composite number?
False
Is 15225857939 composite?
True
Is 140437657289 a prime number?
True
Is 195727417 prime?
False
Is 45998238049 a composite number?
False
Is 44007343 a composite number?
False
Is 2517543761 a composite number?
False
Is 3763665371 a composite number?
False
Is 6523801067 a composite number?
True
Is 11845761119 composite?
False
Is 61885353961 a composite number?
True
Is 72276591931 a composite number?
False
Is 297931423 prime?
True
Is 3671251 a prime number?
False
Is 719422141 a composite number?
False
Is 5247772037 composite?
False
Is 4970257147 prime?
True
Is 4710796291 a composite number?
True
Is 14565229933 a prime number?
True
Is 1006229846 a composite number?
True
Is 4924821659 composite?
False
Is 23391717929 a prime number?
False
Is 3422731791 a composite number?
True
Is 140402967235 a composite number?
True
Is 3011044587 composite?
True
Is 1429835851 a composite number?
False
Is 182734603993 a prime number?
True
Is 9045749063 a prime number?
False
Is 174330311 prime?
True
Is 42969763511 prime?
False
Is 3955026107 prime?
True
Is 3395405491 a composite number?
True
Is 22394530577 a composite number?
True
Is 223270632817 composite?
False
Is 76956980363 a composite number?
False
Is 1597199033 composite?
True
Is 1630134367 a composite number?
True
Is 414465341 a composite number?
False
Is 12398049331 a composite number?
False
Is 3297202391 composite?
True
Is 35450457071 prime?
True
Is 3928782787 a prime number?
True
Is 2383348717 a composite number?
False
Is 13601999 a prime number?
True
Is 8493084521 a composite number?
True
Is 37196780065 prime?
False
Is 37639249 a prime number?
False
Is 16966287123 prime?
False
Is 61751854565 prime?
False
Is 6766562381 composite?
False
Is 3664022137 a prime number?
True
Is 677883643 a prime number?
True
Is 415901237 a prime number?
False
Is 59034599047 prime?
True
Is 25670353089 a composite number?
True
Is 77525401 a composite number?
False
Is 8683848703 a prime number?
True
Is 46358071421 prime?
True
Is 1295356771 prime?
True
Is 974224739 a prime number?
False
Is 1969903313 composite?
True
Is 414852497 a prime number?
False
Is 299458241 prime?
True
Is 12987730939 a prime number?
False
Is 4117983421 a prime number?
False
Is 208129531 prime?
True
Is 960075601 prime?
False
Is 579226943 composite?
True
Is 25509987797 prime?
False
Is 13550422631 composite?
True
Is 596884861 a prime number?
True
Is 4022039803 a composite number?
False
Is 14025148211 a composite number?
True
Is 76179328553 prime?
True
Is 2166811553 a composite number?
False
Is 38553811441 a prime number?
True
Is 28457789 a composite number?
False
Is 206858467 a prime number?
True
Is 27566737721 a composite number?
True
Is 489688669 prime?
True
Is 7046289037 a prime number?
True
Is 347975143 prime?
True
Is 21873088337 prime?
True
Is 5591087843 a prime number?
False
Is 11545761127 a prime number?
True
Is 115460941 a prime number?
True
Is 70903216019 a prime number?
True
Is 27686270003 prime?
False
Is 3111297697 a prime number?
False
Is 1758785573 a prime number?
True
Is 28759830347 prime?
True
Is 26977298911 a composite number?
False
Is 1373898007 a composite number?
False
Is 9362091133 prime?
False
Is 3722430319 a composite number?
False
Is 14041929463 a composite number?
False
Is 8302081943 prime?
False
Is 7337899171 composite?
False
Is 18312322979 a prime number?
True
Is 564992749 prime?
True
Is 283820711 a composite number?
False
Is 31123063463 a composite number?
True
Is 3165487089 a composite number?
True
Is 353002861 prime?
True
Is 2815712171 a composite number?
False
Is 10325870699 a prime number?
True
Is 10406513803 prime?
False
Is 270840563 prime?
False
Is 2611046005 a prime number?
False
Is 13006390499 a composite number?
True
Is 69404584439 a composite number?
False
Is 972208543 prime?
False
Is 146817745715 prime?
False
Is 5698539251 a composite number?
False
Is 35700037829 prime?
True
Is 3985530553 a prime number?
True
Is 658560974 a prime number?
False
Is 1990157009 a composite number?
False
Is 1104865249 a prime number?
True
Is 3188114027 a composite number?
True
Is 4766136733 prime?
True
Is 16069801801 a prime number?
True
Is 2222363917 composite?
False
Is 15999897535 a composite number?
True
Is 22360380379 composite?
False
Is 2080974331 composite?
False
Is 61662414899 a prime number?
False
Is 21706712981 a composite number?
True
Is 347875067 prime?
False
Is 16103419 a composite number?
False
Is 4831962767 prime?
False
Is 89329731251 prime?
Fals